Let p(n) = 663*n - 52. Let q be p(1). What is the highest common factor of 26 and q?
13
Let q = 14 + -14. Suppose -2*o + 14 + 5 = 3*w, -4*w + 4 = q. Suppose 0 = 3*g - 5*m - 65, 5 + 0 = -5*m. Calculate the highest common divisor of g and o.
4
Let o = -23 + 23. Suppose 14*b - 18*b + 224 = o. Calculate the greatest common factor of b and 7.
7
Suppose -5*r = 3*p - 23, -5*r = -8 + 3. Let b be (p/(-4) - -3)*-18. Let v = -20 - b. What is the greatest common divisor of v and 21?
7
Let k(b) = -2*b**2 - 3*b - 5. Let j be k(-5). Let v = j + 45. What is the greatest common divisor of 25 and v?
5
Suppose i - 3 - 2 = 0, -2*q = i - 41. Suppose 2*r - 634 = -5*o, -5*o + 0*r = 4*r - 638. What is the greatest common divisor of q and o?
18
Let f be (24/(-15))/((-4)/150). Let z = f + -57. Calculate the highest common factor of z and 2.
1
Let x(s) = -s + 3. Let q be x(2). Let g be (-2)/(2 + -2 - q). Let i = 159 + -137. What is the highest common factor of i and g?
2
Suppose -4*k = 2*s - 36, 4*s - 3 = -4*k + 29. What is the highest common divisor of 55 and k?
5
Let l(g) = g**3 - 14*g**2 + 17*g - 12. Suppose 3*v - 26 = 13. Let a be l(v). Calculate the highest common divisor of a and 5.
5
Suppose 1 = n - 11. Let l be (n/(-7 - -4))/(-2). Calculate the highest common divisor of 3 and l.
1
Let u be (2 + (-10)/4)*-12. Suppose -c + u - 3 = -z, -4*c + 2*z = -20. Let h(f) = f**2 + f - 6. Let q be h(c). Calculate the highest common factor of q and 10.
10
Let q = 5 - 7. Suppose -4247 + 4146 = -j. Let c be j + 2/(q/(-3)). Calculate the highest common factor of 13 and c.
13
Suppose 5*k = -i + 495, 2*i + 5*k = 809 + 176. Let g = i - 265. What is the greatest common divisor of 25 and g?
25
Suppose -7931*j - 5112 = -7937*j. What is the highest common divisor of j and 24?
12
Suppose -44 = -5*z + z. Suppose -2*l = -1127 + 1039. What is the greatest common factor of z and l?
11
Let h(s) = s + 2. Let n be h(-3). Let w = n - -17. Let v be w + -4 - (-4)/(-1). Calculate the highest common factor of v and 4.
4
Let x be (-2*4 - -3) + 2080/20. Calculate the highest common factor of x and 11.
11
Let u be (4/(-3))/(3*(-6)/(-405)). Let i = u - -31. Calculate the greatest common divisor of 1 and i.
1
Let x be 4/12*1*-3. Let k be (-2 + 2 + -2)*x. Suppose 5*u = 25, u = 4*f - k*u - 237. What is the highest common divisor of 21 and f?
21
Let t(x) = -3*x. Let g be t(3). Let d = -4 - g. Suppose -52 = -d*o + o. Calculate the greatest common factor of 39 and o.
13
Let j = 183 - 125. Suppose 0 = 2*o - 3*o + j. Let s = o - 39. What is the highest common factor of 57 and s?
19
Suppose 51 = d + 1. Suppose -5*g - 40 = -3*k, 0 = -4*k + 9*k - g - 52. What is the greatest common factor of d and k?
10
Let o(m) = -6*m**3 + m**2 + 17*m. Let j be o(-3). Let t be (-1)/(2/4) - -17. Calculate the greatest common factor of j and t.
15
Suppose 0 = 6*q + q - 49. Suppose -9 = -4*v - t, -4*v - 5 = -q*v + t. Calculate the highest common divisor of v and 5.
1
Suppose -4*m - 3*v = -137, -2*m + v + 73 = 4*v. Suppose -p - m = -5*p. Let i = 5 - 1. Calculate the highest common factor of i and p.
4
Let w = 111 + -114. Let l be (-12)/(-9) - 34*2/w. Calculate the highest common factor of l and 16.
8
Suppose 0 = 3*g - 24 + 15. Suppose -b + 4*w + 64 = g*b, -46 = -4*b - 5*w. Calculate the greatest common divisor of 7 and b.
7
Suppose -v - 4*f + 12 = 0, 20 = -3*v - 0*f + 2*f. Let s be (-4 - v) + 28/2. Let b be (-3 + 31)*4/s. Calculate the greatest common divisor of b and 24.
8
Let c be 4/1 + 33 + 3. Let t be (-4)/(-1)*1*10. Suppose -t = -5*f + c. What is the greatest common factor of 8 and f?
8
Let l(o) = 4*o - 5. Let t be l(2). Calculate the greatest common factor of t and 1.
1
Let d be (-180)/(-22) - (-5)/((-165)/6). Let w = d + 7. Calculate the highest common divisor of w and 15.
15
Let n be ((-30)/(-5))/(3/4). Let v(s) = 0 - n*s - s**3 - 2*s**2 - 6*s**2 - 4. Let h be v(-8). What is the greatest common factor of 24 and h?
12
Let l = 112 - 108. Suppose l*m + 2*m - 36 = 0. What is the greatest common factor of 6 and m?
6
Let l be (4/3)/(19/57). Suppose -l*v = -20 - 4. Let g be ((v - 3) + -4)*-70. Calculate the highest common factor of g and 10.
10
Let u = -52 - -53. Let h be (52/2)/u - 0. What is the highest common divisor of 13 and h?
13
Suppose 4*z + 0*z - 227 = 5*s, 10 = 2*s. Let i(v) = -v**3 + 279 - 287 + 3*v**2 + v + 12*v**2. Let r be i(15). Calculate the greatest common factor of z and r.
7
Suppose 212 + 292 = 3*p. Suppose 35*a = 30*a + 120. What is the greatest common divisor of a and p?
24
Suppose -3*u + 3093 = -3*j, 0 = 3*u - 64*j + 60*j - 3095. Calculate the greatest common divisor of 42 and u.
21
Let g = -77 - -79. Suppose u - 52 = -g*y, 2*y + u - 27 = y. What is the greatest common factor of 5 and y?
5
Let t(j) = -j**3 + 2*j**2 - 2*j + 5. Let o be t(4). Let w be ((-28)/o)/(6/15). Let n be (-32)/(-12) + 4/(-6). What is the highest common factor of w and n?
2
Suppose -78*z = -2832 + 804. Let k = 65 - 31. Suppose 3*r - q - k = 0, r + 5*q = 24 + 14. Calculate the greatest common factor of z and r.
13
Let i(p) = 61*p - 1. Let m be i(1). Let k be m + 9/12*4. Let t = -30 + k. What is the greatest common divisor of t and 3?
3
Suppose 7*h - 2*h = 15. Suppose -p - 6*a + 38 = -2*a, 3*p = h*a + 84. What is the greatest common factor of 150 and p?
30
Suppose -u = 5*u - 204. Suppose -o = -2*x + 4*x - u, 2*o - 69 = -5*x. What is the greatest common divisor of o and 8?
8
Let y = 75 - -70. Calculate the highest common divisor of y and 20.
5
Let n = -17 - -67. Calculate the highest common factor of 1075 and n.
25
Let k be (68 + -3)*(-2 - (-13)/5). Let x = k + 33. What is the greatest common divisor of 18 and x?
18
Let o be -3*(-1)/(-3)*-1. Let v be o/5 + (-108)/(-10). Calculate the greatest common factor of v and 121.
11
Suppose 0 = 2*x + 2*x - 2*z - 22, 2*x - 5*z = 15. What is the greatest common factor of 65 and x?
5
Let k be (-1712)/(-9) + (-66)/297. What is the greatest common divisor of k and 152?
38
Let v be 3/45*3 + (-169)/(-5). Suppose 5*r - v = 51. What is the greatest common divisor of 51 and r?
17
Let a(w) = -w**3 - 5*w**2 + 14*w + 15. Let s be a(-7). Calculate the highest common factor of 55 and s.
5
Let d be 1 + 19 + 0 + -2. Suppose -d + 93 = 5*o. Let m = -130 + 190. What is the highest common divisor of m and o?
15
Let o be (-3)/(42/14 - (-10)/(-3)). Calculate the greatest common factor of o and 13.
1
Let q = 41 + -37. Let y(x) = 24*x + 16. Let h be y(q). What is the greatest common divisor of h and 16?
16
Let f be (6 - (-510)/25)/(2/10). Suppose -5*c + 53 = -7. Calculate the highest common divisor of f and c.
12
Let j(y) = 2*y**2 - 2*y - 39. Let s be j(-5). What is the greatest common factor of 105 and s?
21
Suppose -8*z - 140 = -28*z. Let f = -33 - -20. Let i = z - f. Calculate the highest common factor of i and 10.
10
Let d(t) = -t**2 - 12*t - 7. Let b be d(-5). Suppose 11*m = 9*m + b. What is the highest common divisor of m and 35?
7
Let u = 3 + 4. Let k(g) = g**2 - 6*g - 9. Let i be k(12). What is the greatest common divisor of i and u?
7
Suppose -2*m + 6 = 2*g, 8*g - 2*m = 3*g + 50. Suppose -3*y + 210 = -54. Calculate the highest common divisor of y and g.
8
Suppose 3*k - 7 - 2 = 0. Suppose 4*h = c - 3*c - 18, 0 = -3*c + k*h + 18. Calculate the greatest common divisor of c and 9.
1
Suppose 5*v = 6*v - b - 1531, -2*v - 2*b + 3082 = 0. Calculate the greatest common factor of v and 12.
12
Let r be (11/2 + 2)*16/(-12). Let c(n) = n**3 + 13*n**2 + 9*n - 2. Let b be c(r). What is the highest common divisor of b and 16?
16
Let k be 20672/80 + 8/(-20). What is the greatest common divisor of 12 and k?
6
Let h = -366 - -798. Calculate the highest common divisor of 8 and h.
8
Let c(y) = -30*y - 2439. Let l be c(-90). Suppose 2*z - 3*r + 70 = 4*z, 3*r + 75 = 3*z. What is the highest common factor of l and z?
29
Let n = 635 + -544. Calculate the highest common divisor of 49 and n.
7
Suppose 0 = 3*j + j - 4. Suppose -6*i = -7*i + 5. Suppose 5*z = 5*q - 10, -29 = -z - i*q - 13. What is the highest common divisor of j and z?
1
Let n = 351 + -189. Calculate the greatest common factor of 12 and n.
6
Suppose -2 = -h + 18. Let s be (-133)/(-49) + (-4)/(-14). Let w = s + 1. What is the highest common divisor of h and w?
4
Let g = -2 + 15